se -14*a + 17*a - 2*u = 28854, -2*a - 5*u = -19255. What is the thousands digit of a?
9
Suppose -5*l = -2*g - 26058, 20846 = 5*l - l - 2*g. What is the hundreds digit of l?
2
Suppose -87459 = -4*g + 3*v, -3*g + v = -59686 - 5902. What is the hundreds digit of g?
8
Let c = -1895 + 3127. Suppose 88*z + c = 92*z. Let a = -213 + z. What is the units digit of a?
5
Let f = -748 + 17482. What is the tens digit of f?
3
Let d(v) = -2*v**3 + 42*v**2 - 41*v + 46. Let x be d(20). Let q be -1 + (-369)/(-3)*1. Suppose q = -x*m + 27*m. What is the tens digit of m?
2
Let s = -20295 + 39824. What is the hundreds digit of s?
5
Let a(o) be the second derivative of -5*o**3/2 + 118*o**2 - 140*o. What is the tens digit of a(-25)?
1
Suppose -10*v = -5*v - 10. Suppose 2*f + 297 = 5*q + f, -5*f = v*q - 135. What is the units digit of q?
0
Let i(h) = -4940*h + 731. What is the thousands digit of i(-4)?
0
Let p be (14016/120)/(2/10). Let a = p - -109. What is the tens digit of a?
9
Suppose -a = -7*a + 12. Suppose -55 = -a*q - 49. Suppose q*x - 255 = -m, 0*m - 5*m = 4*x - 1308. What is the tens digit of m?
6
Suppose 5*j = 2*t + 4315, -2*t + 3439 = 4*j - t. Suppose -k - j = -8*k. Let v = 227 - k. What is the units digit of v?
4
Suppose 4*o + 218 = 1198. Suppose -4*s + 242 = -2*z, 4*s + 0*z - o = 5*z. Suppose 4*a - 252 = s. What is the units digit of a?
8
What is the ten thousands digit of -19 + (-638964)/(-18) + -17?
3
Suppose 0*f + 4*q = -4*f + 864, 2*f - q = 423. Suppose u - 480 = -5*g - 2*u, 2*g = 3*u + f. What is the units digit of g?
9
Let a = -856 - -834. What is the hundreds digit of a/((4 - (-237)/(-33)) + 3)?
1
Let t be (-5)/(-2)*56/70. Suppose 3*f - t*f + 4*n = 96, 101 = f - n. What is the tens digit of f?
0
Suppose 4*d - 4*c - 28 = 0, -4*d - 4*c = 5 - 1. Suppose -2*v = -3*m + 2*v, 5*m - d*v = 11. What is the tens digit of (m + 0)/(-12) - 1708/(-12)?
4
Suppose 13*a - a = 283793 + 102547. What is the ten thousands digit of a?
3
Let t be (402/2)/(-3) - -2. Let n be 4/(-10) - (t/(-25) + -5). Suppose -n*x + 8*x - 240 = 0. What is the tens digit of x?
4
Let d = 12177 - 8764. What is the hundreds digit of d?
4
Let h = 434 - 738. Let u = 846 + h. What is the tens digit of u?
4
Let o(l) = l + 21. Let v be o(-21). Suppose 1507 = -v*x + 11*x. What is the hundreds digit of x?
1
Let p(l) = -11*l - 105. Let j be p(-9). What is the hundreds digit of 2*j/12 + 178?
1
Let d(r) = 4*r + 15. Let i be d(-5). Let s be i + 32 + (5 - 1). Suppose -2*c - 5*y + 147 + s = 0, 2*y = 8. What is the units digit of c?
9
Let w be 6 - (-5250)/(-57) - 2/(-19). Let a = w - -392. What is the hundreds digit of a?
3
Suppose -1 = k, -3*k = 3*j - 6980 - 2614. What is the thousands digit of j?
3
Suppose 1774*c = 1785*c - 646272. What is the thousands digit of c?
8
Suppose 195 + 285 = 5*a. Suppose -14*q = 120*q - 536. Suppose 0 = q*i - 32 - a. What is the units digit of i?
2
Suppose 5*a + 2*s - 13875 - 61104 = 0, -3*a = -5*s - 44975. What is the tens digit of a?
9
Let l(s) = 2*s**2 + 16*s + 2. Let h be l(-9). Suppose h*m = 16*m + 64. Suppose -5*t + 311 = m. What is the tens digit of t?
5
Suppose 5*l + 16210 = 4*x, 32*l = -5*x + 33*l + 20273. What is the units digit of x?
5
Let u(c) = -5*c**3 - 6*c**2 - 33*c + 4. What is the units digit of u(-12)?
6
Suppose 5*r - 336 = 21*r. What is the thousands digit of 6/r + 24198/21?
1
Let c be -93 + 93 - (-5)/(10/(-6572)). Let i = -2185 - c. What is the hundreds digit of i?
1
Let o = 22692 - 12434. What is the units digit of o?
8
Let j(a) be the first derivative of -5*a**2/2 + 44*a + 1. Let c(n) = n**3 - 97*n**2 + 103*n - 682. Let p be c(96). What is the units digit of j(p)?
4
Suppose 19*f = 2*o + 17*f - 13512, -2*o + 13518 = 4*f. What is the hundreds digit of o?
7
Let j(q) = 13*q**2 + 7*q + 1. Let b be ((-14)/(-8))/(6/(-24)). What is the tens digit of j(b)?
8
Suppose 20*r - 25*r = -4*u - 140505, -140500 = -5*r + 3*u. What is the units digit of r?
7
Suppose 0 = -47*f + 112676 + 84536. Suppose -4*v + 4192 = -3*z, 4*v + z - f = 5*z. What is the thousands digit of v?
1
Let o(f) = 2*f - 7. Let z be o(6). Suppose 3*m = -0*i + i - 27, -5*i - z*m + 95 = 0. What is the units digit of i?
1
What is the thousands digit of 8/(-6) - ((-19857873)/3870 - (-2)/(-20))?
5
Let p(v) = 1917*v**2 + 2*v + 3. Let k be p(2). Suppose -19*f + k = -590. What is the units digit of f?
5
Suppose l + 4*w = 25498, 4*l - 25*w + 28*w = 101875. What is the ten thousands digit of l?
2
Suppose -5*f - 5*t - 95 = -2*t, 5*f + 130 = 4*t. Let b(d) = -d**3 - 19*d**2 + 41*d + 29. What is the units digit of b(f)?
9
Suppose 31*y - 28*y - 46396 = -5*d, 5*d - 35*y = 46510. What is the hundreds digit of d?
2
Let w = 31 - 0. Suppose w*p - 34*p = -996. What is the units digit of p?
2
Let n(l) = 318*l**3 - 13*l**2 + 2*l - 6. What is the units digit of n(3)?
9
Let m(a) = -835*a**2 + 18*a - 19. Let y be m(1). Let j = 1817 + y. What is the units digit of j?
1
Suppose 0 = x - 422*r + 418*r - 20420, -27 = -3*r. What is the thousands digit of x?
0
Let o(k) = 10*k + 89. Let m be o(-9). What is the units digit of 338 + m + 5 + 8/(-4)?
0
Let p be (2 + (-4)/4)/(3/(-87)). Let d = 155 + p. Suppose 0 = 5*r - n - 363 + d, 0 = 3*r + 2*n - 137. What is the tens digit of r?
4
Suppose -k - 32 = -17*k. What is the units digit of (-30)/(-105) - ((-41238)/21 - k)?
6
Let r(w) = 8*w + 106. Let p be r(-11). Suppose -p*x + 1378 = -7190. What is the tens digit of x?
7
Let f be (1 + 2 + 0)/((-1)/16). Let d = 277 + f. What is the tens digit of d?
2
Let n = -15877 + 22637. What is the hundreds digit of (-2)/6 + n/39 - 3?
1
Suppose 4*u = 2*x + 68322, -17*x = -16*x - 7. What is the tens digit of u?
8
Suppose -7*i + 5*h + 39909 = 0, 54*i - 52*i - 4*h = 11418. What is the hundreds digit of i?
6
Let h be (-158)/(-395) - 49623/(-5). Suppose 0 = 39*j - 14*j - h. What is the tens digit of j?
9
Let b be -3 + 62/22 + (-224)/(-22). Let p = b - 11. Let u(d) = 145*d**2. What is the tens digit of u(p)?
4
Let i = 42632 + -8451. What is the hundreds digit of i?
1
Suppose 4*o - 15 = 5*g, -11*o - 6 = 5*g + 9. Let i(f) = -11*f + 6. Let z(a) = -10*a + 6. Let q(s) = -2*i(s) + 3*z(s). What is the units digit of q(g)?
0
Let w(x) = 9*x - 36. Suppose 6 = g - 3*h, 3*h = 5*g + 2*h - 16. Let j be (-8 + 2)/((-3)/g). What is the units digit of w(j)?
8
Suppose n - 3*h - 392 = 0, 4*n + n = 4*h + 1971. Suppose n = -5*m - 2*j, 0*j = 3*m + 5*j + 237. What is the tens digit of 3/(155/m + 2)?
7
Let r = 7701 + -611. What is the units digit of r?
0
Let a(y) = 1092*y + 1938. What is the ten thousands digit of a(19)?
2
Let x(i) = 11*i + 274. Let h be x(-26). What is the tens digit of 1673 + 7 - h/(-3)?
7
Let d = -59 - -59. Suppose d = -2*b - 2*a + 520, 0 = b + 2*a - 32 - 229. Suppose -5*r = b - 879. What is the units digit of r?
4
Suppose 64558 = 4*x + 2*c, -36*x - 5*c - 16123 = -37*x. What is the ten thousands digit of x?
1
What is the hundreds digit of (-32)/(-16)*(-1)/((-8)/79052) - 5?
7
What is the hundreds digit of (4/6)/(6/9) + 39405?
4
Suppose 0 = -3*w + 5*q + 30260, -50*w + 54*w = -5*q + 40265. What is the thousands digit of w?
0
Suppose 0 = 3*t + 5*j - 44, -4*j + 26 = -5*t + 7*t. Suppose -t*u = -7*u - 8368. What is the tens digit of u?
2
Suppose -2*l - 2982 = -q, -3012 = -24*q + 23*q - 3*l. What is the tens digit of q?
9
Let s(i) = 268*i - 27. Let v(m) = -6*m - 14*m - 2 + 15 - 113*m. Let z(t) = -2*s(t) - 5*v(t). What is the units digit of z(2)?
7
Let y(z) be the second derivative of -8*z**3 - 9*z**2 - z + 5. What is the hundreds digit of y(-7)?
3
Suppose 68 = 3*n + 2*s - 4*s, s - 74 = -3*n. What is the tens digit of ((-8)/n)/((-1)/894) + 3?
0
Let w(i) = i**2 + 20*i - 21. Let j be w(-21). Let n(g) = g**3 + g**2 + g + 1. Let x be n(j). What is the hundreds digit of (2/3 - x) + (-20194)/(-138)?
1
Let u(n) = n**3 - 10*n**2 + 21*n - 27. Let g be u(10). Suppose -306 = 182*t - g*t. What is the hundreds digit of t?
3
Suppose -4*d + 8*d = 0. Suppose d*p - p = -5*p. Suppose p*h = 2*h - 244. What is the units digit of h?
2
Suppose -5*c - 4*x = -4*c + 30, 2*c + 40 = -4*x. Let r(p) = p**2 + 6*p - 16. Let s be r(c). Suppose 4*i - s = 2*i. What is the tens digit of i?
1
Suppose -2*d + 11 = -5*h + 30, 5*h = 3*d + 21. Suppose h*m - 173 = 31. What is the tens digit of m?
6
Let m = 72994 - 456